st derivative of v**2 + 15*v - 7. Let o be h(-6). Let d(p) = p**3 - 4*p**2 + 3*p. Determine d(o).
0
Let a(h) = h**2 + 5*h - 2. Let j be 17/2 + (-3)/6. Let y be 1/4 - 10/j. Let w = y - 3. Give a(w).
-6
Let w(r) be the third derivative of r**6/60 + r**5/20 + r**4/6 + 5*r**3/6 - 138*r**2. What is w(-2)?
-7
Suppose 3*s + 0*s + 5*b = 19, 0 = 4*b + 4. Let m(q) = q**3 - 9*q**2 + 8*q - 4. Calculate m(s).
-4
Let l(g) = 13 + 8 - 9*g + 18*g - 7*g - g. Determine l(-23).
-2
Let n = 21 - 2. Suppose 4*r = 1 + n. Let f(v) = -v**2 + 16. Let y(b) = 3*b**2 + 6*b - 67. Let p(q) = 4*f(q) + y(q). What is p(r)?
2
Let z(l) = -2*l**2 + 4*l - 2. Suppose 2*x = x + 4. Let y be 6/(-12) - (-14)/x. What is z(y)?
-8
Let d(n) = -n**3 - 8*n**2 - 4 + 2*n**3 - 6*n + 0 + 15*n**2 - 12*n**2. Calculate d(6).
-4
Let q(k) = k - 5. Let w be q(6). Let d(l) = -33*l + 1. Calculate d(w).
-32
Let y(k) = 2*k**2 + 9*k - 1. Let d be y(-4). Let a(r) be the second derivative of -r**5/20 - r**4/4 + 5*r**3/6 + 3*r**2/2 - 4*r - 11. Give a(d).
28
Suppose -3*t = -4*t. Let l(f) be the first derivative of f**5/120 + 3*f**4/8 + 34*f**3/3 + 15. Let b(y) be the third derivative of l(y). Calculate b(t).
9
Let x = -39 + 47. Let n(j) = -2 + x - 3 - j**2 - j - j. Let b be (-2)/(-2) + (1 - 0). Determine n(b).
-5
Let v(a) = -a**3 + a**2 + 4*a. Let g be v(-2). Suppose 2*h = -0*h + 2. Suppose -p - 9 = -5*n, -g*n + 5*p + 4 = h. Let q(j) = 4*j - 2. Calculate q(n).
6
Let p be (8/(-12))/((-8)/(-132)). Let o = p - -14. Let i(r) = r - o*r - 2 + 5*r - 4*r. Calculate i(5).
-7
Let c(a) = -a**2 + 6*a - 2. Let s be c(12). Let p = -77 - s. Let q(m) = 2*m**2 + 5*m + 3. Calculate q(p).
6
Let t be 13/2 - 1/2. Let q(y) = -2*y - 3*y - t + 4 + y. Let p = -19 - -17. Calculate q(p).
6
Suppose 0 = -5*i - 18 - 7. Let l(a) be the third derivative of a**6/120 + a**5/12 - a**4/24 - 2*a**3/3 + 488*a**2. Give l(i).
1
Suppose 0 = -m + 2*u - 8, 3*m + 19 = 3*u + 7. Let v(x) = 2*x**2. Let n(f) = -f**3 + 7*f**2 - f - 7. Let y(z) = n(z) - 3*v(z). Determine y(m).
-7
Let m(c) be the first derivative of -c**3/3 - 3*c**2 + 25*c - 34. Let q be m(-9). Let t(o) = -2*o**2 - o**2 + o**2 + 3 - 2*o**3 + 3*o. Give t(q).
5
Let v be -3 - 2 - 1*-1. Let f(k) = 7*k**2 + 4*k + 2. Let j(a) = 8*a**2 + 5*a + 3. Let z(d) = v*j(d) + 5*f(d). Give z(2).
10
Let q(j) = 417484*j**2 - 2*j - 417478*j**2 - j**3 - 4*j + 5. Determine q(4).
13
Suppose c + 4 - 14 = 0. Suppose -c*t + 15 = -5*t. Let d(y) = -y**3 + 5*y**2 + 2*y - 3. Determine d(t).
21
Let h(f) = -f**2 - 11*f + 9. Suppose -n + 6*n + 45 = -3*j, -2*n = -4*j - 34. What is h(j)?
19
Let h(f) = -74 + f**2 - 122 + 17*f + 181. Give h(-18).
3
Let v(c) = -c**3 - 5*c**2 + 7*c + 5. Suppose 9 = k + 2*k. Suppose k*x - 1 = 5. Suppose 2*o + 3 = 7, x*a - 5*o + 22 = 0. Calculate v(a).
-1
Suppose 0 = 4*w + 2 + 6. Let o = w + 0. Let n(d) = -2*d**2 - 3*d - 1. Determine n(o).
-3
Let k(r) = -65*r**2 + 13 + 143*r**2 - r - 79*r**2. Determine k(-5).
-7
Let o be 2 - 7*(-2 - -3). Let n(y) = 3*y - 11. Let i(m) = -1. Let d(g) = o*i(g) + n(g). Let v(j) = -8*j + 18. Let c(h) = 7*d(h) + 2*v(h). Determine c(4).
14
Let r(a) = 4*a**3 - 4*a**2 - 13. Let l be r(0). Let h(i) = -i**2 - 12*i + 27. Calculate h(l).
14
Let q(y) = 0 - 2*y**3 - 15*y**2 + 1 + 5*y + 4*y. Let u(w) = -168*w + 7*w**2 + w**2 + w**3 + 164*w. Let h(k) = 4*q(k) + 7*u(k). What is h(-5)?
-11
Let p(f) = 8*f**2 - 5*f + 4. Let i(j) = -7*j**2 + 4*j - 3. Let z(q) = -7*i(q) - 6*p(q). Let n(c) = -c**2 + 46*c - 237. Let w be n(40). Calculate z(w).
12
Let s(v) = -9*v**3 - v**2 + 3*v - 2. Let g(m) = -7*m**3 - m**2 + 2*m - 2. Let q(x) = -4*g(x) + 3*s(x). Determine q(2).
16
Let r(h) be the second derivative of h**5/4 - h**4/12 + h**3/6 - h**2/2 + 2*h. Suppose 3*a + 5*x = -2, -3*x + 2 = -2*a + 7. What is r(a)?
4
Let d(h) = 2 - 231*h**3 + 5 - 4*h - 6*h**2 - 5*h**2 + 230*h**3 + 3*h**2. Calculate d(-7).
-14
Suppose -25 = -0*i + 2*i + 5*h, -5 = 2*i + h. Let g(a) = -11*a**2 - 5*a - 23. Let p(u) = -4*u**2 - 2*u - 8. Let d(z) = 3*g(z) - 8*p(z). Calculate d(i).
-5
Let q(w) = -w**3 - w**2 + 7. Suppose 3*c = -c + 8. Suppose -5*s = c*s - 5*s. Calculate q(s).
7
Suppose 0 = -3*f + 2 + 7. Let a(l) = f*l + 2*l - 1 + 5*l - 4*l. Let j(h) = h - 6. Let u be j(7). Calculate a(u).
5
Let c = -58 - -64. Let s(m) = -72*m**2 + 5*m + 32*m**2 + 42*m**2 - c. Calculate s(-5).
19
Suppose -7 + 3 = -2*s. Let g(l) = -3 - 3*l - 7*l**s + 8*l + 6*l**2. Give g(2).
3
Let h(x) = x**3 - 5*x**2 - 6*x + 4. Let n be h(6). Let d(f) be the third derivative of -1/60*f**5 + 0*f**4 + f**2 + 0 + 1/3*f**3 + 0*f. What is d(n)?
-14
Let u(b) = 3*b + 4. Let k be u(-3). Let f be (-1)/(-2 + 11/3 - 2). Let a(l) = 0*l**f - l**3 - 4*l + l**2 + 0*l**2 - 7*l**2 + 5. Calculate a(k).
0
Suppose 3*y + 12*q - 24 = 13*q, q - 4 = -y. Let p(i) = -2*i - 2. What is p(y)?
-16
Let j = 2 + -2. Suppose 12 + j = -4*r. Let t be (-2 - r)/(2/(-10)). Let i(c) = -c**2 - 5*c + 5. What is i(t)?
5
Let r(t) be the first derivative of 40*t**3/3 - 9*t**2/2 + 4*t - 24. Let y(w) = -10*w**2 + 2*w - 1. Let f(x) = -2*r(x) - 9*y(x). Calculate f(1).
11
Let z(m) = -m**3 + 7*m**2 - 3*m - 12. Let l be z(6). Let x(t) = -8*t + 3*t + l*t - 2*t. What is x(-1)?
1
Let s(v) = -2*v + 5*v**2 - 4 + 5 + 0. Suppose -l - 4 = -2*l. Suppose -8 = -l*i - 4*i. What is s(i)?
4
Let c(s) = -21*s + 35*s - 15*s - 26. Calculate c(0).
-26
Let v be ((-28)/21)/2*-6*1. Let h(g) be the second derivative of 1/6*g**v + 0 - 1/2*g**2 + 1/6*g**3 + 8*g. Calculate h(1).
2
Suppose 4*s - 8 = 2*t - 2, 5*t - 4*s + 9 = 0. Let n(f) = -9*f + 2. What is n(t)?
11
Suppose -4*n - 3*x + 19 = 0, -2*n - 2*x = -3 - 5. Let z(v) = v**2 - 5*v + 6. Calculate z(n).
20
Let k(i) = -i**2 - 17*i - 2. Let x(n) = -115*n - 706. Let l be x(-6). Calculate k(l).
14
Let l(c) = -c**3 - 12*c**2 + 15*c + 28. Let x be l(-13). Let d(t) = 5*t**3 - 4*t - 245*t**2 - 3*t**3 + 3 + 246*t**2. What is d(x)?
15
Let f(a) = a**2 + a. Let i(l) = 2*l**2 - 4*l + 2. Suppose -w + 0 + 1 = 0. Let m(h) = w*i(h) - f(h). Calculate m(7).
16
Let k = -104 - -109. Suppose f - 5*f = -3*b + 28, -k*b + 36 = -4*f. Let r(j) = 3*j - 1. Calculate r(b).
11
Let m = 77 + -72. Let b(k) = 3*k**3 - 3*k**2 + k. Let h(o) = 16*o**3 - 14*o**2 + 6*o + 1. Let i(l) = 11*b(l) - 2*h(l). What is i(m)?
-7
Suppose -15*j - 14 + 59 = 0. Let g(d) = -d**3 + 3*d**2. What is g(j)?
0
Let f(q) be the first derivative of -1/3*q**3 - 4*q - 1 - 9/2*q**2. Let i = 40 + -44. Determine f(i).
16
Suppose 0 = 4*q + 16 + 8. Let g(y) be the first derivative of -y**2 - 7. Calculate g(q).
12
Let h(s) be the third derivative of -s**5/12 + s**4/24 + 9*s**2 + 3. What is h(1)?
-4
Let f(c) = c**3 - 4*c**2 - 5*c + 1. Let d be (24 - 23) + (2 - -1). Give f(d).
-19
Let m be ((-2)/(-3))/(129/135 - 1). Let z(x) = -x**3 - 15*x**2 + x + 18. Calculate z(m).
3
Let i(z) be the first derivative of z**5/60 - z**4/12 + z**3/6 - 7*z**2 - 24. Let b(s) be the second derivative of i(s). Determine b(1).
0
Let q(x) = x**3 + 2*x**2 - 2*x + 1. Let m be q(-2). Let n = 6 + -6. Let a(l) = n*l + 2*l - l - 2*l + 7. Calculate a(m).
2
Suppose 0 = -5*b - 5, 2*b = 2*g - 9 - 9. Let t = -1 + g. Let d(n) = -13*n**2 - 2*n + 5*n**2 + t*n**2 - 4. What is d(-3)?
-7
Let f(z) = 905*z - 8 - 905*z - 16 - 8*z**2 + 9*z**2. Give f(0).
-24
Let v(f) be the second derivative of f**4/4 + f**3/2 + 3*f**2/2 + f. Let i be 0 + -3*2/3. What is v(i)?
9
Let y = -243 + 236. Let x(n) = -n**3 - 8*n**2 - 6*n + 10. What is x(y)?
3
Suppose v + 7 = -3*i + 17, -4*i + v = -11. Suppose 0 = i*t - 6*t. Suppose -3*x = -t*x + 9. Let z(o) = -o**3 - 4*o**2 - 3*o + 4. Calculate z(x).
4
Let g be -1 - (80/(-4))/5. Let y(s) = -2*s**3 + 0 + s**2 + s + 0 + s**g. Calculate y(2).
-2
Let o(k) = -2*k**3 - k**2 + k + 2. Let q = 849 + -847. Determine o(q).
-16
Let q = -99 - -102. Let z(o) = o - 2 + o**3 + o**3 + 3*o**2 - 3*o - o**q. What is z(-3)?
4
Let q = -28 - -26. Let k(t) = -4*t**2 + 2*t + 2. Determine k(q).
-18
Let q be (1 - -1)*(2 + 1). Let i(a) = -4*a**2 - a**2 + 4*a**2 + 4 + 2 + 6*a. What is i(q)?
6
Let u = -16 + 18. Let y(t) = -3*t - 2 - 3 - 14*t**u + 15*t**2 + 4. Let a(x) = -x. Let f(j) = 3*a(j) - y(j). Determine f(-2).
-3
Let j = -6 + 6. Let f = j + -2. Let v(l) be the second derivative of -2*l**3/3 - l**2/2 + 5*l. Calculate v(f).
7
Let q(u) = 3*u + 7. Suppose -5*c = 4*b - 13 + 29, 0 = -2*c - 4*b - 4. Let o(d